{"id":369,"date":"2025-10-17T06:22:31","date_gmt":"2025-10-17T06:22:31","guid":{"rendered":"https:\/\/autorecambiosgimosur.com\/?page_id=369"},"modified":"2025-10-17T06:23:59","modified_gmt":"2025-10-17T06:23:59","slug":"politica-de-cookies","status":"publish","type":"page","link":"https:\/\/autorecambiosgimosur.com\/index.php\/politica-de-cookies\/","title":{"rendered":"Pol\u00edtica de cookies"},"content":{"rendered":"\t\t<div data-elementor-type=\"wp-page\" data-elementor-id=\"369\" class=\"elementor elementor-369\" data-elementor-post-type=\"page\">\n\t\t\t\t<div class=\"elementor-element elementor-element-799c47e8 e-flex e-con-boxed e-con e-parent\" data-id=\"799c47e8\" data-element_type=\"container\" data-e-type=\"container\">\n\t\t\t\t\t<div class=\"e-con-inner\">\n\t\t\t\t<div class=\"elementor-element elementor-element-2aef15e elementor-widget elementor-widget-heading\" data-id=\"2aef15e\" data-element_type=\"widget\" data-e-type=\"widget\" data-widget_type=\"heading.default\">\n\t\t\t\t\t<h2 class=\"elementor-heading-title elementor-size-default\">Pol\u00edtica de cookies<\/h2>\t\t\t\t<\/div>\n\t\t\t\t<div class=\"elementor-element elementor-element-60124f20 elementor-widget elementor-widget-text-editor\" data-id=\"60124f20\" data-element_type=\"widget\" data-e-type=\"widget\" data-widget_type=\"text-editor.default\">\n\t\t\t\t\t\t\t\t\t<p class=\"titulo\"><strong>1. QU\u00c9 SON LAS COOKIES:<\/strong><\/p><p>Las cookies son archivos de informaci\u00f3n almacenados en su ordenador, tablet o smartphone que ayudan a las p\u00e1ginas web a recordar qui\u00e9n es usted y la informaci\u00f3n de su visita. Las cookies pueden ayudar a que la informaci\u00f3n se visualice en una p\u00e1gina web de un modo af\u00edn a sus intereses. La mayor\u00eda de las principales p\u00e1ginas web utilizan cookies.<\/p><p>\u00a0<\/p><p class=\"titulo\"><strong>2. QU\u00c9 COOKIES SE UTILIZAN EN ESTA P\u00c1GINA WEB<\/strong><\/p><p>Las cookies que utilizamos en esta p\u00e1gina web se agrupan a grandes rasgos en las siguientes categor\u00edas:.<\/p><ul><li><i class=\"fa fa-check\" aria-hidden=\"true\"><\/i>\u00a0Esenciales: Algunas de las cookies de nuestra web son esenciales para que podamos prestarle el servicio que usted ha solicitado. Un ejemplo de ello son las cookies empleadas para permitirle conectarse a su cuenta en la web, colocar productos en su cesta de la compra o las que permiten la comunicaci\u00f3n entre su navegador y la web.<\/li><li><i class=\"fa fa-check\" aria-hidden=\"true\"><\/i>\u00a0Anal\u00edticas:\u00a0Utilizamos cookies anal\u00edticas para ayudarnos a comprender qu\u00e9 uso hacen los usuarios de nuestra web. Por ejemplo, nos sirven para contar el n\u00famero de personas diferentes que visitan nuestra web o que utilizan una caracter\u00edstica en concreto, en lugar del n\u00famero total de veces que se utiliza la web o la caracter\u00edstica. Sin esta cookie, si usted visita la web una vez por semana durante tres semanas, le contar\u00edamos como tres usuarios independientes. Sin estas cookies, nos resultar\u00eda muy dif\u00edcil analizar el rendimiento de nuestra web y mejorarla.<\/li><li><i class=\"fa fa-check\" aria-hidden=\"true\"><\/i>\u00a0Cookies de usuario:\u00a0Utilizamos cookies para mejorar su experiencia recordando sus preferencias. De este modo, sabemos c\u00f3mo le gusta utilizar nuestra web. Un ejemplo de ello ser\u00eda recordarle, de manera que le ofrezcamos el mismo contenido o recordarle la pr\u00f3xima vez que visite nuestra web.<\/li><li><i class=\"fa fa-check\" aria-hidden=\"true\"><\/i>\u00a0Interacci\u00f3n social:\u00a0Utilizamos las cookies para permitirle compartir contenido directamente en las redes sociales, como Facebook, Twitter o Linkedin. Un ejemplo ser\u00eda cuando usted hace clic en \u201cme gusta\u201d o \u201ctuitea\u201d sobre un negocio o producto anunciado en nuestra web.<\/li><\/ul><p>\u00a0<\/p><p class=\"titulo\"><strong>3. Si desea rechazar o excluir la recepci\u00f3n de cookies puede hacer lo siguiente:<\/strong><\/p><ul><li><i class=\"fa fa-check\" aria-hidden=\"true\"><\/i>\u00a0Borre las cookies de su navegador. La mayor\u00eda de los navegadores le permiten evitar el almacenamiento en su equipo de todas las cookies o de algunas en lo sucesivo. Para m\u00e1s informaci\u00f3n sobre c\u00f3mo borrar o deshabilitar las cookies desde su navegador, utilice el men\u00fa de \u201cayuda\u201d del navegador.<\/li><li><i class=\"fa fa-check\" aria-hidden=\"true\"><\/i>\u00a0Si s\u00f3lo quiere rechazar todas o algunas de las cookies de terceros, deber\u00e1 visitar directamente la web del tercero pertinente para gestionar las cookies que \u00e9ste almacena en su equipo. Consulte nuestra secci\u00f3n \u201cCookies de terceros\u201d Tenga en cuenta que el hecho de deshabilitar las cookies puede afectar a las prestaciones de esta web.<\/li><\/ul><p>\u00a0<\/p><p class=\"titulo\"><strong>4. COOKIES DE TERCEROS:<\/strong><\/p><p>Algunas de las cookies incluidas en las categor\u00edas de cookies descritas anteriormente las almacenan terceros en su equipo cuando usted utiliza nuestra web. No tenemos control alguno sobre estas cookies o el modo en que las utilizan los terceros. Se utilizan para permitir al tercero prestarnos un servicio, por ejemplo, de an\u00e1lisis.<\/p>\t\t\t\t\t\t\t\t<\/div>\n\t\t\t\t\t<\/div>\n\t\t\t\t<\/div>\n\t\t\t\t<\/div>\n\t\t","protected":false},"excerpt":{"rendered":"<p>1. QU\u00c9 SON LAS COOKIES: Las cookies son archivos de informaci\u00f3n almacenados en su ordenador, tablet o smartphone que ayudan a las p\u00e1ginas web a recordar qui\u00e9n es usted y la informaci\u00f3n de su visita. Las cookies pueden ayudar a que la informaci\u00f3n se visualice en una p\u00e1gina web de un modo af\u00edn a sus [&hellip;]<\/p>\n","protected":false},"author":1,"featured_media":0,"parent":0,"menu_order":0,"comment_status":"closed","ping_status":"closed","template":"","meta":{"footnotes":""},"class_list":["post-369","page","type-page","status-publish","hentry"],"yoast_head":"<!-- This site is optimized with the Yoast SEO plugin v27.4 - https:\/\/yoast.com\/product\/yoast-seo-wordpress\/ -->\n<title>Pol\u00edtica de cookies - Autorecambios GimoSur<\/title>\n<meta name=\"robots\" content=\"index, follow, max-snippet:-1, max-image-preview:large, max-video-preview:-1\" \/>\n<link rel=\"canonical\" href=\"https:\/\/autorecambiosgimosur.com\/index.php\/politica-de-cookies\/\" \/>\n<meta property=\"og:locale\" content=\"es_ES\" \/>\n<meta property=\"og:type\" content=\"article\" \/>\n<meta property=\"og:title\" content=\"Pol\u00edtica de cookies - Autorecambios GimoSur\" \/>\n<meta property=\"og:description\" content=\"1. QU\u00c9 SON LAS COOKIES: Las cookies son archivos de informaci\u00f3n almacenados en su ordenador, tablet o smartphone que ayudan a las p\u00e1ginas web a recordar qui\u00e9n es usted y la informaci\u00f3n de su visita. Las cookies pueden ayudar a que la informaci\u00f3n se visualice en una p\u00e1gina web de un modo af\u00edn a sus [&hellip;]\" \/>\n<meta property=\"og:url\" content=\"https:\/\/autorecambiosgimosur.com\/index.php\/politica-de-cookies\/\" \/>\n<meta property=\"og:site_name\" content=\"Autorecambios GimoSur\" \/>\n<meta property=\"article:modified_time\" content=\"2025-10-17T06:23:59+00:00\" \/>\n<meta name=\"twitter:card\" content=\"summary_large_image\" \/>\n<meta name=\"twitter:label1\" content=\"Tiempo de lectura\" \/>\n\t<meta name=\"twitter:data1\" content=\"3 minutos\" \/>\n<script type=\"application\/ld+json\" class=\"yoast-schema-graph\">{\"@context\":\"https:\\\/\\\/schema.org\",\"@graph\":[{\"@type\":\"WebPage\",\"@id\":\"https:\\\/\\\/autorecambiosgimosur.com\\\/index.php\\\/politica-de-cookies\\\/\",\"url\":\"https:\\\/\\\/autorecambiosgimosur.com\\\/index.php\\\/politica-de-cookies\\\/\",\"name\":\"Pol\u00edtica de cookies - Autorecambios GimoSur\",\"isPartOf\":{\"@id\":\"https:\\\/\\\/autorecambiosgimosur.com\\\/#website\"},\"datePublished\":\"2025-10-17T06:22:31+00:00\",\"dateModified\":\"2025-10-17T06:23:59+00:00\",\"breadcrumb\":{\"@id\":\"https:\\\/\\\/autorecambiosgimosur.com\\\/index.php\\\/politica-de-cookies\\\/#breadcrumb\"},\"inLanguage\":\"es\",\"potentialAction\":[{\"@type\":\"ReadAction\",\"target\":[\"https:\\\/\\\/autorecambiosgimosur.com\\\/index.php\\\/politica-de-cookies\\\/\"]}]},{\"@type\":\"BreadcrumbList\",\"@id\":\"https:\\\/\\\/autorecambiosgimosur.com\\\/index.php\\\/politica-de-cookies\\\/#breadcrumb\",\"itemListElement\":[{\"@type\":\"ListItem\",\"position\":1,\"name\":\"Portada\",\"item\":\"https:\\\/\\\/autorecambiosgimosur.com\\\/\"},{\"@type\":\"ListItem\",\"position\":2,\"name\":\"Pol\u00edtica de cookies\"}]},{\"@type\":\"WebSite\",\"@id\":\"https:\\\/\\\/autorecambiosgimosur.com\\\/#website\",\"url\":\"https:\\\/\\\/autorecambiosgimosur.com\\\/\",\"name\":\"Autorecambios GimoSur\",\"description\":\"Todo tipo de recambios para su veh\u00edculo\",\"publisher\":{\"@id\":\"https:\\\/\\\/autorecambiosgimosur.com\\\/#organization\"},\"potentialAction\":[{\"@type\":\"SearchAction\",\"target\":{\"@type\":\"EntryPoint\",\"urlTemplate\":\"https:\\\/\\\/autorecambiosgimosur.com\\\/?s={search_term_string}\"},\"query-input\":{\"@type\":\"PropertyValueSpecification\",\"valueRequired\":true,\"valueName\":\"search_term_string\"}}],\"inLanguage\":\"es\"},{\"@type\":\"Organization\",\"@id\":\"https:\\\/\\\/autorecambiosgimosur.com\\\/#organization\",\"name\":\"Autorecambios GimoSur\",\"url\":\"https:\\\/\\\/autorecambiosgimosur.com\\\/\",\"logo\":{\"@type\":\"ImageObject\",\"inLanguage\":\"es\",\"@id\":\"https:\\\/\\\/autorecambiosgimosur.com\\\/#\\\/schema\\\/logo\\\/image\\\/\",\"url\":\"https:\\\/\\\/autorecambiosgimosur.com\\\/wp-content\\\/uploads\\\/2025\\\/10\\\/logo-gimo-sur-autorecambios.png\",\"contentUrl\":\"https:\\\/\\\/autorecambiosgimosur.com\\\/wp-content\\\/uploads\\\/2025\\\/10\\\/logo-gimo-sur-autorecambios.png\",\"width\":959,\"height\":299,\"caption\":\"Autorecambios GimoSur\"},\"image\":{\"@id\":\"https:\\\/\\\/autorecambiosgimosur.com\\\/#\\\/schema\\\/logo\\\/image\\\/\"}}]}<\/script>\n<!-- \/ Yoast SEO plugin. -->","yoast_head_json":{"title":"Pol\u00edtica de cookies - Autorecambios GimoSur","robots":{"index":"index","follow":"follow","max-snippet":"max-snippet:-1","max-image-preview":"max-image-preview:large","max-video-preview":"max-video-preview:-1"},"canonical":"https:\/\/autorecambiosgimosur.com\/index.php\/politica-de-cookies\/","og_locale":"es_ES","og_type":"article","og_title":"Pol\u00edtica de cookies - Autorecambios GimoSur","og_description":"1. QU\u00c9 SON LAS COOKIES: Las cookies son archivos de informaci\u00f3n almacenados en su ordenador, tablet o smartphone que ayudan a las p\u00e1ginas web a recordar qui\u00e9n es usted y la informaci\u00f3n de su visita. Las cookies pueden ayudar a que la informaci\u00f3n se visualice en una p\u00e1gina web de un modo af\u00edn a sus [&hellip;]","og_url":"https:\/\/autorecambiosgimosur.com\/index.php\/politica-de-cookies\/","og_site_name":"Autorecambios GimoSur","article_modified_time":"2025-10-17T06:23:59+00:00","twitter_card":"summary_large_image","twitter_misc":{"Tiempo de lectura":"3 minutos"},"schema":{"@context":"https:\/\/schema.org","@graph":[{"@type":"WebPage","@id":"https:\/\/autorecambiosgimosur.com\/index.php\/politica-de-cookies\/","url":"https:\/\/autorecambiosgimosur.com\/index.php\/politica-de-cookies\/","name":"Pol\u00edtica de cookies - Autorecambios GimoSur","isPartOf":{"@id":"https:\/\/autorecambiosgimosur.com\/#website"},"datePublished":"2025-10-17T06:22:31+00:00","dateModified":"2025-10-17T06:23:59+00:00","breadcrumb":{"@id":"https:\/\/autorecambiosgimosur.com\/index.php\/politica-de-cookies\/#breadcrumb"},"inLanguage":"es","potentialAction":[{"@type":"ReadAction","target":["https:\/\/autorecambiosgimosur.com\/index.php\/politica-de-cookies\/"]}]},{"@type":"BreadcrumbList","@id":"https:\/\/autorecambiosgimosur.com\/index.php\/politica-de-cookies\/#breadcrumb","itemListElement":[{"@type":"ListItem","position":1,"name":"Portada","item":"https:\/\/autorecambiosgimosur.com\/"},{"@type":"ListItem","position":2,"name":"Pol\u00edtica de cookies"}]},{"@type":"WebSite","@id":"https:\/\/autorecambiosgimosur.com\/#website","url":"https:\/\/autorecambiosgimosur.com\/","name":"Autorecambios GimoSur","description":"Todo tipo de recambios para su veh\u00edculo","publisher":{"@id":"https:\/\/autorecambiosgimosur.com\/#organization"},"potentialAction":[{"@type":"SearchAction","target":{"@type":"EntryPoint","urlTemplate":"https:\/\/autorecambiosgimosur.com\/?s={search_term_string}"},"query-input":{"@type":"PropertyValueSpecification","valueRequired":true,"valueName":"search_term_string"}}],"inLanguage":"es"},{"@type":"Organization","@id":"https:\/\/autorecambiosgimosur.com\/#organization","name":"Autorecambios GimoSur","url":"https:\/\/autorecambiosgimosur.com\/","logo":{"@type":"ImageObject","inLanguage":"es","@id":"https:\/\/autorecambiosgimosur.com\/#\/schema\/logo\/image\/","url":"https:\/\/autorecambiosgimosur.com\/wp-content\/uploads\/2025\/10\/logo-gimo-sur-autorecambios.png","contentUrl":"https:\/\/autorecambiosgimosur.com\/wp-content\/uploads\/2025\/10\/logo-gimo-sur-autorecambios.png","width":959,"height":299,"caption":"Autorecambios GimoSur"},"image":{"@id":"https:\/\/autorecambiosgimosur.com\/#\/schema\/logo\/image\/"}}]}},"_links":{"self":[{"href":"https:\/\/autorecambiosgimosur.com\/index.php\/wp-json\/wp\/v2\/pages\/369","targetHints":{"allow":["GET"]}}],"collection":[{"href":"https:\/\/autorecambiosgimosur.com\/index.php\/wp-json\/wp\/v2\/pages"}],"about":[{"href":"https:\/\/autorecambiosgimosur.com\/index.php\/wp-json\/wp\/v2\/types\/page"}],"author":[{"embeddable":true,"href":"https:\/\/autorecambiosgimosur.com\/index.php\/wp-json\/wp\/v2\/users\/1"}],"replies":[{"embeddable":true,"href":"https:\/\/autorecambiosgimosur.com\/index.php\/wp-json\/wp\/v2\/comments?post=369"}],"version-history":[{"count":4,"href":"https:\/\/autorecambiosgimosur.com\/index.php\/wp-json\/wp\/v2\/pages\/369\/revisions"}],"predecessor-version":[{"id":373,"href":"https:\/\/autorecambiosgimosur.com\/index.php\/wp-json\/wp\/v2\/pages\/369\/revisions\/373"}],"wp:attachment":[{"href":"https:\/\/autorecambiosgimosur.com\/index.php\/wp-json\/wp\/v2\/media?parent=369"}],"curies":[{"name":"wp","href":"https:\/\/api.w.org\/{rel}","templated":true}]}}